{"id":181,"date":"2016-12-16T16:19:37","date_gmt":"2016-12-16T15:19:37","guid":{"rendered":"http:\/\/www.aufkleber-druck-profi.de\/?page_id=181"},"modified":"2016-12-29T23:22:00","modified_gmt":"2016-12-29T22:22:00","slug":"kleben-schweissen-naehen","status":"publish","type":"page","link":"http:\/\/bigprint-profi.de\/?page_id=181","title":{"rendered":"Kleben, schwei\u00dfen &#038; n\u00e4hen"},"content":{"rendered":"<div class=\"page\" title=\"Page 2\">\n<div class=\"layoutArea\">\n<div class=\"column\">\n<p>Um mehrere Bigprints miteinander zu verbinden, werde diese h\u00e4ufig mit einem Spezialkleber verklebt.<br \/>\nDieser Kleber b\u00fcrgt f\u00fcr eine dauer- hafte Verbindung und ist zudem unsichtbar. Weitere M\u00f6glichkeiten sind das Verschwei\u00dfen oder Vern\u00e4hen der Bahnen. Welches Verfahrem zum Einsatz gelangt, h\u00e4ngt \u00fcblicherweise vom Produktionsbetrieb und vom eingesetzten Material ab. Leichte Stoffe werden eher miteinan- der vern\u00e4ht,<br \/>\nw\u00e4hrend PVC-Planen geklebt oder verschwei\u00dft werden.<\/p>\n<\/div>\n<\/div>\n<\/div>\n","protected":false},"excerpt":{"rendered":"<p>Um mehrere Bigprints miteinander zu verbinden, werde diese h\u00e4ufig mit einem Spezialkleber verklebt. Dieser Kleber b\u00fcrgt f\u00fcr eine dauer- hafte<\/p>\n","protected":false},"author":1,"featured_media":0,"parent":0,"menu_order":0,"comment_status":"closed","ping_status":"closed","template":"","meta":{"footnotes":""},"_links":{"self":[{"href":"http:\/\/bigprint-profi.de\/index.php?rest_route=\/wp\/v2\/pages\/181"}],"collection":[{"href":"http:\/\/bigprint-profi.de\/index.php?rest_route=\/wp\/v2\/pages"}],"about":[{"href":"http:\/\/bigprint-profi.de\/index.php?rest_route=\/wp\/v2\/types\/page"}],"author":[{"embeddable":true,"href":"http:\/\/bigprint-profi.de\/index.php?rest_route=\/wp\/v2\/users\/1"}],"replies":[{"embeddable":true,"href":"http:\/\/bigprint-profi.de\/index.php?rest_route=%2Fwp%2Fv2%2Fcomments&post=181"}],"version-history":[{"count":7,"href":"http:\/\/bigprint-profi.de\/index.php?rest_route=\/wp\/v2\/pages\/181\/revisions"}],"predecessor-version":[{"id":371,"href":"http:\/\/bigprint-profi.de\/index.php?rest_route=\/wp\/v2\/pages\/181\/revisions\/371"}],"wp:attachment":[{"href":"http:\/\/bigprint-profi.de\/index.php?rest_route=%2Fwp%2Fv2%2Fmedia&parent=181"}],"curies":[{"name":"wp","href":"https:\/\/api.w.org\/{rel}","templated":true}]}}